ultiple of 18?
False
Does 59 divide 249626?
False
Is 636 a factor of 1970548?
False
Is 8 a factor of 544152?
True
Is 195 a factor of 886195?
False
Is 4 a factor of 18604?
True
Is 4 a factor of 1384?
True
Is 7 a factor of 12377?
False
Is 1838238 a multiple of 74?
False
Is 105456 a multiple of 78?
True
Does 245 divide 8115150?
False
Does 5 divide 231743?
False
Is 146 a factor of 130887?
False
Does 87 divide 2428779?
True
Is 21 a factor of 2417037?
True
Is 24487650 a multiple of 485?
True
Is 441 a factor of 841428?
True
Is 184083 a multiple of 9?
False
Is 256 a factor of 185032?
False
Does 25 divide 23278432?
False
Is 885721 a multiple of 589?
False
Is 2 a factor of 17151?
False
Does 746 divide 6811625?
False
Is 5 a factor of 186999?
False
Does 51 divide 482119?
False
Does 313 divide 32552?
True
Is 10834 a multiple of 205?
False
Does 511 divide 1560723?
False
Does 317 divide 9181588?
True
Does 633 divide 2630115?
True
Does 466 divide 584997?
False
Does 9 divide 1014700?
False
Is 184564 a multiple of 27?
False
Is 162781 a multiple of 89?
True
Is 517 a factor of 4754392?
False
Is 31 a factor of 95977?
False
Is 24490 a multiple of 62?
True
Is 52 a factor of 232892?
False
Is 379042 a multiple of 124?
False
Is 6 a factor of 2253516?
True
Is 617474 a multiple of 237?
False
Does 87 divide 235683?
True
Is 1710228 a multiple of 114?
True
Does 6 divide 194394?
True
Does 39 divide 665574?
True
Does 11 divide 7787384?
True
Is 2 a factor of 1042458?
True
Is 523305 a multiple of 145?
True
Is 3892370 a multiple of 515?
True
Is 91 a factor of 55965?
True
Does 630 divide 5724180?
True
Does 12 divide 1488732?
True
Is 14 a factor of 129081?
False
Is 59619 a multiple of 501?
True
Does 179 divide 7833284?
False
Does 252 divide 425110?
False
Is 340175 a multiple of 85?
False
Does 100 divide 886530?
False
Is 216 a factor of 1886112?
True
Does 6 divide 151349?
False
Does 49 divide 203224?
False
Is 15 a factor of 1247559?
False
Is 153465 a multiple of 65?
True
Is 835 a factor of 3825970?
True
Is 3 a factor of 873?
True
Is 124 a factor of 24100392?
True
Is 42 a factor of 169990?
False
Does 4 divide 148937?
False
Is 15 a factor of 525311?
False
Is 2242560 a multiple of 412?
False
Is 693861 a multiple of 25?
False
Is 4270250 a multiple of 253?
False
Is 10 a factor of 5986734?
False
Is 172 a factor of 1826812?
True
Is 321 a factor of 838408?
False
Does 84 divide 57245?
False
Is 34 a factor of 5839398?
True
Does 180 divide 5760720?
True
Is 83 a factor of 6117?
False
Is 1478 a factor of 23751460?
True
Does 5 divide 27255?
True
Is 11 a factor of 145959?
True
Does 9 divide 149980?
False
Is 45 a factor of 1871280?
True
Does 820 divide 2953017?
False
Is 13845 a multiple of 7?
False
Does 3 divide 3289413?
True
Is 10 a factor of 71898?
False
Is 529064 a multiple of 41?
True
Is 27854931 a multiple of 13?
True
Is 115 a factor of 5855?
False
Is 92033 a multiple of 17?
False
Does 180 divide 100031?
False
Does 42 divide 9488283?
False
Is 425 a factor of 269902?
False
Is 19 a factor of 616398?
True
Is 24 a factor of 902472?
True
Is 17 a factor of 453475?
True
Is 124975 a multiple of 32?
False
Does 644 divide 1138592?
True
Is 12 a factor of 5157099?
False
Does 81 divide 6780591?
True
Is 28 a factor of 6343932?
True
Is 1174977 a multiple of 16?
False
Is 461 a factor of 20230615?
False
Does 8 divide 116260?
False
Does 294 divide 59094?
True
Is 231 a factor of 443802?
False
Is 175042 a multiple of 67?
False
Is 169904 a multiple of 112?
True
Is 352742 a multiple of 1455?
False
Is 5569 even?
False
Is 22545 a multiple of 167?
True
Is 2675851 a multiple of 17?
True
Is 567 a factor of 1187938?
False
Is 2878590 a multiple of 39?
True
Does 44 divide 3976852?
True
Does 76 divide 1237587?
False
Is 43 a factor of 3028103?
True
Is 85120 a multiple of 111?
False
Does 97 divide 115721?
True
Is 295960 a multiple of 56?
True
Is 26 a factor of 190452?
False
Is 66 a factor of 29172?
True
Is 1812 a factor of 22894620?
True
Does 137 divide 498954?
True
Does 57 divide 4676565?
True
Does 1054 divide 7317780?
False
Is 296206 a multiple of 34?
False
Does 163 divide 1495851?
True
Is 24 a factor of 15889513?
False
Is 44896 a multiple of 46?
True
Does 100 divide 551500?
True
Does 289 divide 49174?
False
Is 168080 a multiple of 176?
True
Is 19 a factor of 201799?
True
Is 58 a factor of 3519210?
False
Is 3450904 a multiple of 13?
False
Does 7 divide 7003643?
False
Does 45 divide 293805?
True
Is 6103789 a multiple of 3?
False
Is 7 a factor of 1164153?
False
Does 19 divide 10506778?
False
Is 39921 a multiple of 14?
False
Is 112065 a multiple of 352?
False
Does 7 divide 382972?
False
Is 419706 a multiple of 21?
True
Does 279 divide 112716?
True
Is 37348805 a multiple of 12?
False
Does 59 divide 601918?
True
Is 687879 a multiple of 28?
False
Is 78 a factor of 20559?
False
Is 327 a factor of 55263?
True
Is 438912 a multiple of 144?
True
Is 20 a factor of 3212240?
True
Does 637 divide 2328235?
True
Is 25599 a multiple of 5?
False
Is 4330669 a multiple of 95?
False
Is 731169 a multiple of 137?
True
Is 120131 a multiple of 80?
False
Is 5709615 a multiple of 71?
False
Does 11 divide 148060?
True
Is 41 a factor of 37742?
False
Does 27 divide 108378?
True
Is 198 a factor of 98745?
False
Is 250833 a multiple of 358?
False
Does 242 divide 299130?
False
Is 82 a factor of 119228?
True
Does 310 divide 2151090?
True
Is 292734 a multiple of 78?
True
Is 62700 a multiple of 15?
True
Does 130 divide 384402?
False
Is 4809054 a multiple of 226?
True
Is 19234 a multiple of 8?
False
Is 70 a factor of 91462?
False
Is 213318 a multiple of 196?
False
Does 27 divide 682938?
True
Is 52 a factor of 65520?
True
Is 9 a factor of 246942?
True
Does 13 divide 1712299?
False
Is 45 a factor of 142875?
True
Is 72 a factor of 213912?
True
Is 19 a factor of 129960?
True
Is 4 a factor of 44618?
False
Is 208 a factor of 353230?
False
Does 58 divide 1212664?
True
Is 579887 a multiple of 443?
True
Is 55 a factor of 2753575?
True
Is 139050 a multiple of 25?
True
Does 4 divide 29140?
True
Does 21 divide 133476?
True
Does 614 divide 8368681?
False
Does 192 divide 125376?
True
Is 45 a factor of 704881?
False
Is 83520 a multiple of 80?
True
Does 36 divide 17128080?
True
Is 59 a factor of 707528?
True
Is 31 a factor of 298551?
False
Is 3310769 a multiple of 82?
False
Is 4016388 a multiple of 12?
True
Is 113 a factor of 1936770?
False
Is 56 a factor of 143861?
False
Is 614592 a multiple of 96?
True
Is 600247 a multiple of 38?
False
Is 170256 a multiple of 3?
True
Is 9261745 a multiple of 65?
False
Is 289 a factor of 1102147?
False
Is 148066 a multiple of 10?
False
Is 1161 a factor of 15026823?
True
Is 802876 a multiple of 68?
True
Is 4490319 a multiple of 3?
True
Is 852255 a multiple of 535?
True
Is 5026279 a multiple of 325?
False
Is 297 a factor of 4057911?
True
Does 541 divide 1025195?
True
Is 49 a factor of 1397007?
False
Is 58 a factor of 1506666?
True
Is 11 a factor of 166947?
True
Is 2439745 a multiple of 55?
True
Is 15 a factor of 39306580?
False
Is 20631 a multiple of 69?
True
Does 28 divide 145013?
False
Is 45 a factor of 1090170?
True
Does 58 divide 86594?
True
Is 52 a factor of 261872?
True
Is 54 a factor of 928157?
False
Is 27 a factor of 12798?
True
Is 10 a factor of 15206380?
True
Is 92290 a multiple of 110?
True
Is 229 a factor of 36303?
False
Is 354240 a multiple of 82?
True
Is 17415811 a multiple of 983?
True
Is 635502 a multiple of 563?
False
Is 49 a factor of 8435255?
False
Is 9248532 a multiple of 1609?
True
Does 17 divide 1021632?
True
Is 25 a factor of 1397918?
False
Is 79 a factor of 637022?
False
Is 27 a factor of 6929690?
False
Is 110796 a multiple of 148?
False
Is 28 a factor of 3136315?
False
Does 475 divide 201400?
True
Does 50 divide 74300?
True
Is 255107 a multiple of 15?
False
Is 43152 a multiple of 31?
True
Is 72 a factor of 49384?
False
Is 20 a factor of 401500?
True
Is 16 a factor of 3305187?
False
Is 11 a factor of 652895?
False
Is 776 a factor of 3049504?
False
Is 188130 a multiple of 204?
False
Is 493022 a multiple of 380?
False
Is 347207 a multiple of 57?
False
Is 710364 a multiple of 54?
False
Is 4154364 a multiple of 9?
True
Does 746 divide 853616?
False
Is 11566 a multiple of 16?
False
Does 43 divide 1366877?
False
Does 13 d